= 2*i(q) + x(q). Let r(v) = -v - 1. Let m(a) = -2*j(a) - 18*r(a). What is the remainder when m(4) is divided by 2?
0
Let v(n) = n**2 + 5*n + 4. Let q be v(-3). Let j = 14 + q. Suppose s = -4*f + 5*f + 19, s - 2*f = 16. Calculate the remainder when s is divided by j.
10
Calculate the remainder when 22 is divided by 1/(14/104) + 6/(-14).
1
Suppose 205 = 4*k - 99. Calculate the remainder when k is divided by 21.
13
Suppose 25 = 4*u - 107. Let j be 4/(-20) - u/(-15). Suppose -5*y + 6 + 30 = a, 0 = -j*y + 2*a + 24. Calculate the remainder when y is divided by 3.
2
Let k = -7 - -21. What is the remainder when 81 is divided by k?
11
Suppose 0 = 4*k + v - 71, 4*k + 8*v - 80 = 4*v. What is the remainder when 48 is divided by k?
14
Let g = 1 - -1. Suppose 2*p = 4*u - 26, -5*u + 6*p + 25 = g*p. Let i = 38 - u. Calculate the remainder when i is divided by 10.
9
Let z be -3 - (-3)/6*6. Let d be z + -1 + (-4)/2. Calculate the remainder when 12 is divided by d*((-70)/(-6))/(-5).
5
Let z = -20 + 65. What is the remainder when z is divided by 16?
13
Let t(y) = -2*y + 3. Suppose 6 = -2*s - 0*s. What is the remainder when 34 is divided by t(s)?
7
Suppose -4*c + 2*c = -6. Suppose 5*y = 41 - 26. What is the remainder when c is divided by y?
0
Let i(o) = 3*o**3 - 6*o**2 + 9*o - 4. Let j(q) = -2*q**3 + 4*q**2 - 6*q + 3. Let z(c) = -5*i(c) - 7*j(c). What is the remainder when z(-3) is divided by 18?
17
Suppose 67 = 6*p - 227. Let h = 10 - -7. What is the remainder when p is divided by h?
15
Suppose 0 = k + 3*y - 12, 78 = 4*k - y - 35. Calculate the remainder when k is divided by 6.
3
Let n(q) = q**3 + q**2 - q + 13. Let p be n(0). Suppose p + 32 = w. What is the remainder when w is divided by 23?
22
Let b(v) = -v**3 - 7*v**2 + 4. Let t be b(-7). Suppose 0 = -i + t*s - 5, 5*i + 3*s - 11 = 10. What is the remainder when 8 is divided by i?
2
Let g be 1015/20 - 1/(-4). Suppose -g = -2*i - 13. Calculate the remainder when i is divided by 7.
5
Let t = 3 + 16. Calculate the remainder when t is divided by 8.
3
Let m(h) = -6*h - 10. Let n(d) = -d**2 - 4*d - 5. Let w be n(-6). Calculate the remainder when m(-8) is divided by 2/(-1) - (2 + w).
12
Let m(w) = -w - 6. Let t be m(-3). Let g = 2 - t. Suppose -g*s + 32 = -s. What is the remainder when s is divided by 3?
2
Suppose -17 = -5*d + 98. What is the remainder when 91 is divided by d?
22
Suppose 13 = -0*g + g. Calculate the remainder when 49 is divided by g.
10
Let i be -2 + (3 - 3) + -1. Let x(d) = -d**3 - 2*d - 1. What is the remainder when x(i) is divided by 17?
15
Let n = 54 - 9. Let i(v) = v**2 + 7*v + 1. Let h be i(-3). Let t = n + h. What is the remainder when t is divided by 18?
16
Calculate the remainder when 559/39 + 2/(-6) is divided by 4.
2
Suppose -n + 45 = -0*n. Suppose -2*c + n = 3*c - 2*r, -4*c - r = -36. Calculate the remainder when 16 is divided by c.
7
Let u = -11 - -13. Suppose u + 48 = 5*t. What is the remainder when 18 is divided by t?
8
Suppose 35 = 2*l - 7*l. Let r(o) = -o - 1. Let t be r(l). Suppose 0 = 3*w - 0*w + t, -5*h = -4*w - 18. What is the remainder when 3 is divided by h?
1
Let t(y) = y + 7. Let m be t(-3). Suppose -4*i - 260 = -5*v + i, -2*i = m*v - 184. Let h = v + -31. What is the remainder when h is divided by 6?
5
Let b = -14 + 23. Let n(u) = 2*u + 30. What is the remainder when n(-7) is divided by b?
7
Suppose -3*t + 0*t - 24 = 0. Let u be t*(0 - 3/6). Suppose -u*f - f + 20 = 0. What is the remainder when 7 is divided by f?
3
Suppose 0 = 4*p - 3*p - 102. Suppose -8*b = -2*b - p. What is the remainder when 67 is divided by b?
16
Let n be 0 + -2 - 4*-1. Suppose -2*t = n*b - 4, -2*t = -t - 5*b + 22. Let j = t + 11. Calculate the remainder when 16 is divided by j.
7
Suppose -4*h - 16 = 2*u - 0, 4 = -4*h. Suppose 0 = -0*p + 2*p - 16. Calculate the remainder when 6*(75/u)/(-5) is divided by p.
7
Suppose 5*a - 2*a - 9 = 0. Calculate the remainder when 35 is divided by a/(-6) - (-75)/6.
11
Let m be 0 - (1 - 0)*-4. Let v = m - 4. Suppose v = 3*r - 3, 18 = 5*y + r - 3*r. Calculate the remainder when 11 is divided by y.
3
Let r = 10 + -39. Let u = -15 - r. Calculate the remainder when u is divided by 4/14 + (-66)/(-14).
4
Let o = 120 - 70. Let k(d) be the second derivative of 7*d**3/6 - 2*d**2 + 5*d. Calculate the remainder when o is divided by k(3).
16
Let s be (4/10)/(1/15). Suppose -s*z + 11 + 13 = 0. What is the remainder when 9 is divided by z?
1
Let q(c) = 5*c**2 - c. Let r be (2/(-6))/(13/(-39)). What is the remainder when 10 is divided by q(r)?
2
Let x(i) = 4*i**2 - i - 1. Let d be 2/7 - 11604/42. What is the remainder when d/(-27) + 8/(-36) is divided by x(-1)?
2
Suppose -10*g + 8*g = -118. What is the remainder when g is divided by 31?
28
Let l(h) = 2*h + 1. Let z be l(-8). Calculate the remainder when 35 is divided by ((-20)/z)/((-1)/(-9)).
11
Let b = 80 + 135. Suppose 2*i - 6*i = -u + 49, 5*i = 5*u - b. Suppose 4*n - 3*q - 82 = 0, 5*n - 118 = -4*q - 0*q. What is the remainder when u is divided by n?
19
Let i(l) be the second derivative of 0 - 1/12*l**4 + 3/2*l**3 + 3*l - 3/2*l**2. What is the remainder when i(8) is divided by 2?
1
Let d = -5 - -8. Let c be d/5 - (-6)/(-10). What is the remainder when 1 + c + 1 + -1 is divided by 1?
0
Let y(r) = 3*r - 4. Calculate the remainder when (-2)/((-38)/(-20) + -2) is divided by y(5).
9
Suppose -3*d = -d - 10. Suppose -y + 6*b = 3*b - 19, -d*y = 2*b - 61. What is the remainder when 4*5/((-10)/(-12)) is divided by y?
11
Suppose -53 = 8*w - 221. Calculate the remainder when w is divided by 12.
9
Let x = 12 - -2. Suppose -4*i = -26 - x. What is the remainder when 47 is divided by i?
7
Calculate the remainder when 23 is divided by (-26)/4*(-2)/1.
10
Suppose -7*b + 2*b - 4*o + 58 = 0, -5*b - o + 67 = 0. What is the remainder when 38 is divided by b?
10
Let c = 0 + 34. Let g(y) = y + 87. Let s be g(0). Suppose 2*q - s = -2*q + 5*p, -3*p - 9 = 0. What is the remainder when c is divided by q?
16
Suppose 4*s + 10 = -2. Let p(x) = -x**3 + 5*x**2 - 4*x + 3. What is the remainder when (s - (-3 + 1))*-17 is divided by p(3)?
8
Let o(j) be the first derivative of -j**3/3 + 3*j**2 + 8*j + 1. Let i(t) = t**3 - 8*t**2 + 11*t - 23. What is the remainder when o(6) is divided by i(7)?
3
Let s = -167 + 284. What is the remainder when s is divided by 12?
9
Suppose -14 = -3*n - 59. Suppose 5*y = -2*k - 3 - 150, -3*k + 75 = -3*y. Let r = n - y. What is the remainder when 40 is divided by r?
12
Let a = 15 - -37. What is the remainder when a is divided by 14?
10
Let q = -44 - -77. Calculate the remainder when q is divided by (-50)/(-6) + (-10)/(-15).
6
Suppose 7*z = 6*z + 3. Suppose 0 = 4*s + 2*y - 108, -y + 1 = -z. Let b(d) = -23*d + 2. What is the remainder when b(-2) is divided by s?
23
Let h(f) = 5*f**2 - 3*f - 2. Calculate the remainder when 25 is divided by h(-1).
1
Suppose 0 = 4*b - 2*y - 12, -y = 2*y - 6. Suppose 19 = 3*n - 14. Calculate the remainder when n is divided by b.
3
Suppose 32 = 4*k + 2*m + 2*m, -4*k = -3*m - 4. Let f(t) = -5*t - 5. Suppose -3*h - 3 - 6 = 0. What is the remainder when f(h) is divided by k?
2
Let m = -4 - -4. Suppose -32 = -4*d - m*d. Suppose -d*r + 33 = -5*r. What is the remainder when 31 is divided by r?
9
Suppose 6*a = 42 + 66. Let f = a - -25. What is the remainder when f is divided by 9?
7
What is the remainder when 17 is divided by (-3 - -1 - -7) + (-1 - -4)?
1
Let h(w) = -w**2 + 8*w + 24. What is the remainder when 4 is divided by h(10)?
0
Suppose -l = 2*k - 30, 2*l - 5*k = 11 + 4. Calculate the remainder when (-33)/(-55) + (-546)/(-15) is divided by l.
17
What is the remainder when 665/(-38)*12/(-10) is divided by 8?
5
Suppose 4*d - 3*d - 10 = 0. Let s = 13 + d. Calculate the remainder when s is divided by 13.
10
Suppose -4*p + r = -8*p - 12, -5*p + 2*r = 2. Calculate the remainder when 14 is divided by (-2)/(4/p) - -7.
6
Suppose -4*u + 16*u = 2064. What is the remainder when u is divided by 29?
27
Let p(l) = -40*l**2 + l - 6. Let w(f) = 39*f**2 - f + 5. Let v(d) = -5*p(d) - 6*w(d). Let b be v(1). Calculate the remainder when 21 is divided by -1*3/9*b.
10
Let r = 72 - 34. What is the remainder when r is divided by 13?
12
Let z = 91 + -73. What is the remainder when 32 is divided by z?
14
Suppose 435 = 5*w + 3*t, 2*w - t - 15